{"id":9,"date":"2014-12-02T14:51:50","date_gmt":"2014-12-02T12:51:50","guid":{"rendered":"http:\/\/www.maximilian-lipp.de\/?page_id=9"},"modified":"2026-03-31T07:15:30","modified_gmt":"2026-03-31T05:15:30","slug":"wohnung-hirsch","status":"publish","type":"page","link":"https:\/\/www.claudia-lipp.com\/?page_id=9","title":{"rendered":"Wohnung HIRSCH"},"content":{"rendered":"<p><strong>Wohnung HIRSCH<\/strong><\/p>\n<p>f\u00fcr zwei bis drei Personen<\/p>\n<ul>\n<li>gem\u00fctliches Wohnzimmer mit\u00a0Kochnische (Sp\u00fclmaschine, Mikrowelle, Kaffeemaschine)<\/li>\n<li>separates Schlafzimmer (Doppelbett und Zustellbett) Bettw\u00e4sche incl.<\/li>\n<li>getrennte Schlafm\u00f6glichkeit auf der\u00a0Schlafcouch im Wohnzimmer<\/li>\n<li>kleines feines Bad mit Dusche\/WC mit F\u00f6n und Handt\u00fcchern<\/li>\n<li>Freisitz<\/li>\n<li>Spiel-\/Liegewiese<\/li>\n<li>Safe<\/li>\n<li>Sat-TV, Radio<\/li>\n<li>Babyausstattung<\/li>\n<li>gratis W-LAN<\/li>\n<\/ul>\n<p><span style=\"color: #424242;\"><a style=\"color: #424242;\" href=\"https:\/\/www.claudia-lipp.com\/?page_id=204#\/\">Zur Onlinebuchung und Verf\u00fcgbarkeit<\/a><strong><a style=\"color: #424242;\" href=\"https:\/\/www.claudia-lipp.com\/?page_id=204#\/\"> HIER<\/a><\/strong><a style=\"color: #424242;\" href=\"https:\/\/www.claudia-lipp.com\/?page_id=204#\/\"> klicken.<\/a><\/span><\/p>\n<div id='gallery-1' class='gallery galleryid-9 gallery-columns-2 gallery-size-medium'><figure class='gallery-item'>\n\t\t\t<div class='gallery-icon landscape'>\n\t\t\t\t<a href='https:\/\/www.claudia-lipp.com\/wp-content\/uploads\/2020\/05\/IMG_3127-scaled.jpg' title=\"\" data-rl_title=\"\" class=\"rl-gallery-link\" data-rl_caption=\"\" data-rel=\"lightbox-gallery-1\"><img loading=\"lazy\" decoding=\"async\" width=\"300\" height=\"296\" src=\"https:\/\/www.claudia-lipp.com\/wp-content\/uploads\/2020\/05\/IMG_3127-300x296.jpg\" class=\"attachment-medium size-medium\" alt=\"\" aria-describedby=\"gallery-1-355\" srcset=\"https:\/\/www.claudia-lipp.com\/wp-content\/uploads\/2020\/05\/IMG_3127-300x296.jpg 300w, https:\/\/www.claudia-lipp.com\/wp-content\/uploads\/2020\/05\/IMG_3127-1024x1009.jpg 1024w, https:\/\/www.claudia-lipp.com\/wp-content\/uploads\/2020\/05\/IMG_3127-768x757.jpg 768w, https:\/\/www.claudia-lipp.com\/wp-content\/uploads\/2020\/05\/IMG_3127-1536x1513.jpg 1536w, https:\/\/www.claudia-lipp.com\/wp-content\/uploads\/2020\/05\/IMG_3127-2048x2018.jpg 2048w\" sizes=\"(max-width: 300px) 100vw, 300px\" \/><\/a>\n\t\t\t<\/div>\n\t\t\t\t<figcaption class='wp-caption-text gallery-caption' id='gallery-1-355'>\n\t\t\t\tWohnen und Essen\n\t\t\t\t<\/figcaption><\/figure><figure class='gallery-item'>\n\t\t\t<div class='gallery-icon landscape'>\n\t\t\t\t<a href='https:\/\/www.claudia-lipp.com\/wp-content\/uploads\/2020\/05\/IMG_3030_1-scaled.jpg' title=\"\" data-rl_title=\"\" class=\"rl-gallery-link\" data-rl_caption=\"\" data-rel=\"lightbox-gallery-1\"><img loading=\"lazy\" decoding=\"async\" width=\"300\" height=\"210\" src=\"https:\/\/www.claudia-lipp.com\/wp-content\/uploads\/2020\/05\/IMG_3030_1-300x210.jpg\" class=\"attachment-medium size-medium\" alt=\"\" aria-describedby=\"gallery-1-323\" srcset=\"https:\/\/www.claudia-lipp.com\/wp-content\/uploads\/2020\/05\/IMG_3030_1-300x210.jpg 300w, https:\/\/www.claudia-lipp.com\/wp-content\/uploads\/2020\/05\/IMG_3030_1-1024x717.jpg 1024w, https:\/\/www.claudia-lipp.com\/wp-content\/uploads\/2020\/05\/IMG_3030_1-768x538.jpg 768w, https:\/\/www.claudia-lipp.com\/wp-content\/uploads\/2020\/05\/IMG_3030_1-1536x1076.jpg 1536w, https:\/\/www.claudia-lipp.com\/wp-content\/uploads\/2020\/05\/IMG_3030_1-2048x1434.jpg 2048w\" sizes=\"(max-width: 300px) 100vw, 300px\" \/><\/a>\n\t\t\t<\/div>\n\t\t\t\t<figcaption class='wp-caption-text gallery-caption' id='gallery-1-323'>\n\t\t\t\tSchlafzimmer\n\t\t\t\t<\/figcaption><\/figure><figure class='gallery-item'>\n\t\t\t<div class='gallery-icon portrait'>\n\t\t\t\t<a href='https:\/\/www.claudia-lipp.com\/wp-content\/uploads\/2020\/05\/IMG_2996_1-scaled.jpg' title=\"\" data-rl_title=\"\" class=\"rl-gallery-link\" data-rl_caption=\"\" data-rel=\"lightbox-gallery-1\"><img loading=\"lazy\" decoding=\"async\" width=\"224\" height=\"300\" src=\"https:\/\/www.claudia-lipp.com\/wp-content\/uploads\/2020\/05\/IMG_2996_1-224x300.jpg\" class=\"attachment-medium size-medium\" alt=\"\" aria-describedby=\"gallery-1-322\" srcset=\"https:\/\/www.claudia-lipp.com\/wp-content\/uploads\/2020\/05\/IMG_2996_1-224x300.jpg 224w, https:\/\/www.claudia-lipp.com\/wp-content\/uploads\/2020\/05\/IMG_2996_1-765x1024.jpg 765w, https:\/\/www.claudia-lipp.com\/wp-content\/uploads\/2020\/05\/IMG_2996_1-768x1028.jpg 768w, https:\/\/www.claudia-lipp.com\/wp-content\/uploads\/2020\/05\/IMG_2996_1-1148x1536.jpg 1148w, https:\/\/www.claudia-lipp.com\/wp-content\/uploads\/2020\/05\/IMG_2996_1-1531x2048.jpg 1531w, https:\/\/www.claudia-lipp.com\/wp-content\/uploads\/2020\/05\/IMG_2996_1-scaled.jpg 1913w\" sizes=\"(max-width: 224px) 100vw, 224px\" \/><\/a>\n\t\t\t<\/div>\n\t\t\t\t<figcaption class='wp-caption-text gallery-caption' id='gallery-1-322'>\n\t\t\t\tBad\n\t\t\t\t<\/figcaption><\/figure><figure class='gallery-item'>\n\t\t\t<div class='gallery-icon landscape'>\n\t\t\t\t<a href='https:\/\/www.claudia-lipp.com\/wp-content\/uploads\/2020\/05\/Hirsch_Freisitz.jpg' title=\"\" data-rl_title=\"\" class=\"rl-gallery-link\" data-rl_caption=\"\" data-rel=\"lightbox-gallery-1\"><img loading=\"lazy\" decoding=\"async\" width=\"300\" height=\"225\" src=\"https:\/\/www.claudia-lipp.com\/wp-content\/uploads\/2020\/05\/Hirsch_Freisitz-300x225.jpg\" class=\"attachment-medium size-medium\" alt=\"\" aria-describedby=\"gallery-1-369\" srcset=\"https:\/\/www.claudia-lipp.com\/wp-content\/uploads\/2020\/05\/Hirsch_Freisitz-300x225.jpg 300w, https:\/\/www.claudia-lipp.com\/wp-content\/uploads\/2020\/05\/Hirsch_Freisitz-768x576.jpg 768w, https:\/\/www.claudia-lipp.com\/wp-content\/uploads\/2020\/05\/Hirsch_Freisitz.jpg 1000w\" sizes=\"(max-width: 300px) 100vw, 300px\" \/><\/a>\n\t\t\t<\/div>\n\t\t\t\t<figcaption class='wp-caption-text gallery-caption' id='gallery-1-369'>\n\t\t\t\tFreisitz\n\t\t\t\t<\/figcaption><\/figure><figure class='gallery-item'>\n\t\t\t<div class='gallery-icon portrait'>\n\t\t\t\t<a href='https:\/\/www.claudia-lipp.com\/wp-content\/uploads\/2020\/05\/IMG_3223_1-scaled.jpg' title=\"\" data-rl_title=\"\" class=\"rl-gallery-link\" data-rl_caption=\"\" data-rel=\"lightbox-gallery-1\"><img loading=\"lazy\" decoding=\"async\" width=\"236\" height=\"300\" src=\"https:\/\/www.claudia-lipp.com\/wp-content\/uploads\/2020\/05\/IMG_3223_1-236x300.jpg\" class=\"attachment-medium size-medium\" alt=\"\" aria-describedby=\"gallery-1-359\" srcset=\"https:\/\/www.claudia-lipp.com\/wp-content\/uploads\/2020\/05\/IMG_3223_1-236x300.jpg 236w, https:\/\/www.claudia-lipp.com\/wp-content\/uploads\/2020\/05\/IMG_3223_1-806x1024.jpg 806w, https:\/\/www.claudia-lipp.com\/wp-content\/uploads\/2020\/05\/IMG_3223_1-768x976.jpg 768w, https:\/\/www.claudia-lipp.com\/wp-content\/uploads\/2020\/05\/IMG_3223_1-1208x1536.jpg 1208w, https:\/\/www.claudia-lipp.com\/wp-content\/uploads\/2020\/05\/IMG_3223_1-1611x2048.jpg 1611w, https:\/\/www.claudia-lipp.com\/wp-content\/uploads\/2020\/05\/IMG_3223_1-scaled.jpg 2014w\" sizes=\"(max-width: 236px) 100vw, 236px\" \/><\/a>\n\t\t\t<\/div>\n\t\t\t\t<figcaption class='wp-caption-text gallery-caption' id='gallery-1-359'>\n\t\t\t\tSommergarten\n\t\t\t\t<\/figcaption><\/figure><figure class='gallery-item'>\n\t\t\t<div class='gallery-icon landscape'>\n\t\t\t\t<a href='https:\/\/www.claudia-lipp.com\/wp-content\/uploads\/2020\/05\/IMG_3112_2-1-scaled.jpg' title=\"\" data-rl_title=\"\" class=\"rl-gallery-link\" data-rl_caption=\"\" data-rel=\"lightbox-gallery-1\"><img loading=\"lazy\" decoding=\"async\" width=\"300\" height=\"211\" src=\"https:\/\/www.claudia-lipp.com\/wp-content\/uploads\/2020\/05\/IMG_3112_2-1-300x211.jpg\" class=\"attachment-medium size-medium\" alt=\"\" aria-describedby=\"gallery-1-341\" srcset=\"https:\/\/www.claudia-lipp.com\/wp-content\/uploads\/2020\/05\/IMG_3112_2-1-300x211.jpg 300w, https:\/\/www.claudia-lipp.com\/wp-content\/uploads\/2020\/05\/IMG_3112_2-1-1024x719.jpg 1024w, https:\/\/www.claudia-lipp.com\/wp-content\/uploads\/2020\/05\/IMG_3112_2-1-768x539.jpg 768w, https:\/\/www.claudia-lipp.com\/wp-content\/uploads\/2020\/05\/IMG_3112_2-1-1536x1078.jpg 1536w, https:\/\/www.claudia-lipp.com\/wp-content\/uploads\/2020\/05\/IMG_3112_2-1-2048x1438.jpg 2048w\" sizes=\"(max-width: 300px) 100vw, 300px\" \/><\/a>\n\t\t\t<\/div>\n\t\t\t\t<figcaption class='wp-caption-text gallery-caption' id='gallery-1-341'>\n\t\t\t\tKochen\n\t\t\t\t<\/figcaption><\/figure><figure class='gallery-item'>\n\t\t\t<div class='gallery-icon landscape'>\n\t\t\t\t<a href='https:\/\/www.claudia-lipp.com\/wp-content\/uploads\/2020\/05\/IMG_3063_1-scaled.jpg' title=\"\" data-rl_title=\"\" class=\"rl-gallery-link\" data-rl_caption=\"\" data-rel=\"lightbox-gallery-1\"><img loading=\"lazy\" decoding=\"async\" width=\"300\" height=\"225\" src=\"https:\/\/www.claudia-lipp.com\/wp-content\/uploads\/2020\/05\/IMG_3063_1-300x225.jpg\" class=\"attachment-medium size-medium\" alt=\"\" aria-describedby=\"gallery-1-327\" srcset=\"https:\/\/www.claudia-lipp.com\/wp-content\/uploads\/2020\/05\/IMG_3063_1-300x225.jpg 300w, https:\/\/www.claudia-lipp.com\/wp-content\/uploads\/2020\/05\/IMG_3063_1-1024x768.jpg 1024w, https:\/\/www.claudia-lipp.com\/wp-content\/uploads\/2020\/05\/IMG_3063_1-768x576.jpg 768w, https:\/\/www.claudia-lipp.com\/wp-content\/uploads\/2020\/05\/IMG_3063_1-1536x1152.jpg 1536w, https:\/\/www.claudia-lipp.com\/wp-content\/uploads\/2020\/05\/IMG_3063_1-2048x1536.jpg 2048w\" sizes=\"(max-width: 300px) 100vw, 300px\" \/><\/a>\n\t\t\t<\/div>\n\t\t\t\t<figcaption class='wp-caption-text gallery-caption' id='gallery-1-327'>\n\t\t\t\tSchlafen\n\t\t\t\t<\/figcaption><\/figure><figure class='gallery-item'>\n\t\t\t<div class='gallery-icon portrait'>\n\t\t\t\t<a href='https:\/\/www.claudia-lipp.com\/wp-content\/uploads\/2014\/12\/150325_Grundrisse_Hirsch.png' title=\"\" data-rl_title=\"\" class=\"rl-gallery-link\" data-rl_caption=\"\" data-rel=\"lightbox-gallery-1\"><img loading=\"lazy\" decoding=\"async\" width=\"252\" height=\"300\" src=\"https:\/\/www.claudia-lipp.com\/wp-content\/uploads\/2014\/12\/150325_Grundrisse_Hirsch-252x300.png\" class=\"attachment-medium size-medium\" alt=\"\" aria-describedby=\"gallery-1-118\" srcset=\"https:\/\/www.claudia-lipp.com\/wp-content\/uploads\/2014\/12\/150325_Grundrisse_Hirsch-252x300.png 252w, https:\/\/www.claudia-lipp.com\/wp-content\/uploads\/2014\/12\/150325_Grundrisse_Hirsch.png 505w\" sizes=\"(max-width: 252px) 100vw, 252px\" \/><\/a>\n\t\t\t<\/div>\n\t\t\t\t<figcaption class='wp-caption-text gallery-caption' id='gallery-1-118'>\n\t\t\t\tGrundriss\n\t\t\t\t<\/figcaption><\/figure>\n\t\t<\/div>\n\n","protected":false},"excerpt":{"rendered":"<p>Wohnung HIRSCH f\u00fcr zwei bis drei Personen gem\u00fctliches Wohnzimmer mit\u00a0Kochnische (Sp\u00fclmaschine, Mikrowelle, Kaffeemaschine) separates Schlafzimmer (Doppelbett und Zustellbett) Bettw\u00e4sche incl. getrennte Schlafm\u00f6glichkeit auf der\u00a0Schlafcouch im Wohnzimmer kleines feines Bad mit Dusche\/WC mit F\u00f6n und Handt\u00fcchern Freisitz Spiel-\/Liegewiese Safe Sat-TV, Radio<\/p>\n","protected":false},"author":1,"featured_media":0,"parent":0,"menu_order":0,"comment_status":"closed","ping_status":"closed","template":"","meta":{"footnotes":""},"_links":{"self":[{"href":"https:\/\/www.claudia-lipp.com\/index.php?rest_route=\/wp\/v2\/pages\/9"}],"collection":[{"href":"https:\/\/www.claudia-lipp.com\/index.php?rest_route=\/wp\/v2\/pages"}],"about":[{"href":"https:\/\/www.claudia-lipp.com\/index.php?rest_route=\/wp\/v2\/types\/page"}],"author":[{"embeddable":true,"href":"https:\/\/www.claudia-lipp.com\/index.php?rest_route=\/wp\/v2\/users\/1"}],"replies":[{"embeddable":true,"href":"https:\/\/www.claudia-lipp.com\/index.php?rest_route=%2Fwp%2Fv2%2Fcomments&post=9"}],"version-history":[{"count":20,"href":"https:\/\/www.claudia-lipp.com\/index.php?rest_route=\/wp\/v2\/pages\/9\/revisions"}],"predecessor-version":[{"id":520,"href":"https:\/\/www.claudia-lipp.com\/index.php?rest_route=\/wp\/v2\/pages\/9\/revisions\/520"}],"wp:attachment":[{"href":"https:\/\/www.claudia-lipp.com\/index.php?rest_route=%2Fwp%2Fv2%2Fmedia&parent=9"}],"curies":[{"name":"wp","href":"https:\/\/api.w.org\/{rel}","templated":true}]}}